is the greatest common divisor of h and j?
42
Suppose -10*r - 5*j + 19 = -8*r, 0 = 5*r + 5*j - 40. Suppose 2*h + 134 = 4*l, -4*l - 11*h + 104 = -r*h. What is the greatest common factor of 527 and l?
31
Let h(g) = -136*g - 561. Let q be h(-6). What is the highest common divisor of 135 and q?
15
Let v be 5 - (0 - -1 - 0). Suppose 148*s = 127*s + 105. Suppose 135 = s*y + v*y. What is the greatest common factor of 30 and y?
15
Let w(m) be the third derivative of -m**6/120 - m**5/2 - 4*m**4/3 - 7*m**3/6 + 22*m**2 - m. Let h be w(-29). Calculate the greatest common factor of h and 30.
10
Suppose -18*u + 25 + 11 = 0. Let r be 5 - (2 + u + -2) - -53. Let j be (-2 + -4)*7/(-3). Calculate the highest common divisor of r and j.
14
Let c = 6417 - 6354. What is the greatest common factor of 1575 and c?
63
Suppose 43*s - 15860 = -9*s. Calculate the greatest common factor of 854 and s.
61
Suppose 4*g - 45 = -5*g. Suppose g*r = r + 5*r. Suppose r = 3*t + 2*w - 11, -2*w = -w - 4. Calculate the greatest common divisor of t and 7.
1
Suppose -31 = g - 196. Let j(y) = 5*y**2 - 75*y + 224. Let w be j(3). Calculate the highest common divisor of g and w.
11
Let u = -12 - -47. Let d be 16 + 2 + 11/(-1). What is the highest common factor of d and u?
7
Let v = -88 + 97. Suppose -v*a = -8*a - 166. Let y = -76 + a. What is the greatest common factor of y and 10?
10
Let h = -15483 - -17775. Calculate the greatest common divisor of h and 36.
12
Let u(w) = -w**2 + 26. Let x = 49 - 47. Suppose 5*l + 5 = 0, -2*h - x*l - 2*l = 4. Let g be u(h). Calculate the highest common factor of g and 13.
13
Let j(z) = z**3 + 7*z**2 - 9*z - 16. Let o be j(-8). Let b be 14193/72 - (-1)/o. Let l = 27 + b. What is the greatest common factor of l and 28?
28
Let h = 167 - 152. Suppose 44 = 3*t - v, h*v + 10 = 13*v. Calculate the greatest common factor of t and 403.
13
Let g be 4/(-3)*168/112*-1413. What is the greatest common divisor of g and 18?
18
Let h(u) = u**2 - 8*u + 3. Let q be h(8). Suppose -q*m + 2 + 7 = 0. Let f = 35817 + -35805. Calculate the highest common divisor of f and m.
3
Let y(u) = u**3 - 24*u**2 + 24*u - 125. Let k be y(25). Suppose 2*o - 4*v - v - 440 = 0, -5*o = 4*v - k. What is the highest common factor of 60 and o?
20
Let a(o) = -37*o - 170. Let w = -8 + 3. Let p be a(w). Calculate the greatest common divisor of 330 and p.
15
Let z be 8986/12 - (-2)/(-36)*-3. Suppose 22*b = -45 + z. What is the greatest common divisor of b and 96?
32
Let y = -1256 + 1523. Let w(q) = 15*q**2 + q + 1. Let a be w(3). Let x = y - a. Calculate the greatest common divisor of 16 and x.
16
Let g = 50501 - 50447. Suppose 54 = 3*n - n. Calculate the highest common divisor of n and g.
27
Let b = -17795 + 22148. What is the greatest common divisor of b and 3?
3
Let x(w) = w**3 + 23*w**2 + 75*w + 9. Suppose 4*k = -46*m + 45*m - 11, -86 = 4*m - 5*k. Let j be x(m). Calculate the greatest common divisor of j and 52.
4
Let a = -325 + 328. Let d be 114/(-15)*(a/2 + -4). What is the greatest common divisor of d and 76?
19
Let i = 6893 - 6815. What is the highest common divisor of 923 and i?
13
Let y(v) = -v**2 + 4*v + 49. Let b be y(-5). Suppose -2*q = 4*g + 3*q - 516, 2*g + b*q = 264. What is the highest common factor of 155 and g?
31
Let j be 3*-119*16/(-112). Calculate the greatest common factor of 340 and j.
17
Let t(h) = 2*h**3 + 4*h**2 - 8*h + 8. Let y be (2 - (-6)/(-9))/(1/3). Let z be t(y). What is the highest common divisor of z and 16?
8
Let q be (846/(-4))/(-3)*12/18. Let h = 49 - q. Calculate the highest common factor of 18 and h.
2
Suppose 63*g = 60*g - 21. Let t(k) = k**3 + 8*k**2 + 6*k - 5. Let s be t(g). Calculate the highest common factor of s and 34.
2
Suppose -29*k + 88*k - 322 = 150. Let n be 8/(-6)*21/(-1). Let r = n + 36. What is the highest common factor of r and k?
8
Suppose -4*q + 6*q = 1544. Suppose -5*k = 5*r - 4*r - q, 3*k - 4*r = 454. What is the highest common divisor of 44 and k?
22
Let g = 3717 - 2406. Calculate the greatest common factor of g and 285.
57
Let i(r) = r**2 - 2*r + 3. Let d be i(1). Suppose d*u - 4*a + 3*a = 123, 0 = -2*a - 2. Let h = u - -20. What is the highest common factor of 9 and h?
9
Let b = 154 + -143. Suppose 3*i - 6 = -u + b, 5*u - 71 = -i. What is the greatest common divisor of u and 658?
14
Let i(w) = 366*w - 240. Let s be i(15). What is the highest common divisor of 70 and s?
70
Let k = 67 - 73. Let g be (-10)/k*(-693)/(-21). Calculate the highest common divisor of 33 and g.
11
Suppose 3*v = -b + 4*b + 690, 3*v = 4*b + 685. Suppose -v - 139 = -11*u. Let c be u/51 + (-25)/(-3). What is the greatest common factor of c and 45?
9
Let w = -3948 - -4074. What is the greatest common factor of w and 486?
18
Let g(i) = i**3 + 11*i**2 + 5*i - 17. Let d be g(-11). Let h = 134 + d. Let z = h + -46. What is the greatest common factor of 4 and z?
4
Let b(m) = 18*m + 126. Let z be b(-7). Let s be -1 - z - -380 - (-14 - -16). What is the greatest common divisor of s and 52?
13
Suppose -15*x + 2440 = -10*x - 4*o, 3*x - 4*o - 1464 = 0. What is the highest common divisor of x and 1159?
61
Let z = -33803 - -33815. What is the highest common divisor of z and 23436?
12
Let m be (-1)/(((-10)/30)/(2/(-2))). Let t be (1/m)/((-16)/768*8). What is the greatest common divisor of t and 80?
2
Let u = 17 - -7. Let w(z) = -z**3 + 2*z**2 - 3*z + 4*z + 24 + z + z + 8*z. Let p be w(-3). What is the greatest common factor of u and p?
12
Let o = 5989 + -5961. What is the greatest common divisor of o and 3486?
14
Let f(d) = d**2 - 54*d + 1773. Let t be f(21). What is the highest common divisor of 1920 and t?
120
Suppose 188*g + 20*g - 12064 = 0. Calculate the greatest common factor of g and 4437.
29
Let a be ((-1)/(-7) - 0) + (-3344)/(-112). Let l be a/4*1/(-5)*6. Let z be -3*(-1 - -2)*147/l. What is the highest common factor of z and 7?
7
Suppose 0 = 44*y - 2549 - 3831. Calculate the highest common divisor of y and 8207.
29
Let c = -493 + 71. Let w = c - -487. Calculate the highest common factor of w and 1040.
65
Suppose -1 = -i + 4. Suppose q + 3*u - 6 = 4*q, -q + i*u - 14 = 0. Let x be 2/(-2) + 162/135*20/6. What is the highest common factor of q and x?
1
Let r(b) = 2 - 5*b**2 + 72*b - 121*b - 5. Let s be r(-8). What is the highest common factor of s and 15?
3
Let f = 962 + -19. Suppose -2*q + 66 = 4*o, -2*o - 94 + 86 = 0. Calculate the greatest common divisor of q and f.
41
Let v = 2760 + 13198. What is the greatest common factor of 237 and v?
79
Suppose 10 = -2*s, 59*s + 285 = 5*t + 64*s. What is the greatest common factor of 2077 and t?
31
Let s(y) = -2*y**3 - 40*y**2 - 37*y - 698. Let n be s(-20). What is the greatest common factor of n and 216?
6
Let c(t) = 16*t**3 - 19*t**2 + 18*t - 90. Let d be c(8). What is the greatest common factor of d and 114?
38
Let c = -13129 + 13977. What is the highest common divisor of c and 256?
16
Let k(a) = 24*a - 1522. Let j be k(73). What is the greatest common factor of j and 1334?
46
Let q = 5265 + -5211. Calculate the greatest common divisor of q and 2178.
18
Let d be ((-1)/2)/((-28)/134120). What is the greatest common divisor of d and 5?
5
Suppose g + 8 = 4*s - 2*g, 0 = -2*g. Suppose -5*y = 4*z + 227, -3*y - 237 = 2*z + s*z. Let t = z - -105. What is the greatest common divisor of t and 21?
21
Suppose -2*y - 7 = -g + 24, -4*g + 5*y + 118 = 0. Suppose -3*l = -4*w + 582, 0*w = -4*w + l + 578. Calculate the highest common factor of w and g.
9
Let t be (-14)/10 + (-6)/((-180)/93282). What is the greatest common divisor of t and 56?
28
Suppose -9*s + 37 = 37. Suppose -c + 21 - 6 = s. What is the highest common factor of c and 3?
3
Let j = 9 + 6. Suppose 0 = 15*o + j*o - 1950. What is the highest common factor of 325 and o?
65
Let c be -6 + 5 - (49 + -1). Let d = -37 - c. Suppose -144 = -5*w + 2*w. Calculate the highest common divisor of w and d.
12
Let x(q) = 13*q - 91 - 37 + 20*q - 8*q - 112. Let k be x(11). Let i = -4 - -9. Calculate the greatest common factor of k and i.
5
Suppose 4*k - 341 = 3*l + 4972, -5*k + 5*l = -6645. Calculate the greatest common factor of k and 68.
34
Let v be (1236/(-176))/((-4)/16) + (-12)/132. Calculate the highest common divisor of 16814 and v.
14
Suppose -5*t + 154*i = 157*i + 122, -5*t - 114 = i. Let d be 1